Convert -312401 (base 5) to base 9.
-15171
What is -122312 (base 4) in base 3?
-2100122
-567 (base 10) to base 4
-20313
-1220421 (base 5) to base 13
-a765
Convert -7020 (base 12) to base 15.
-38d0
1025 (base 6) to base 9
278
Convert 2030303 (base 4) to base 15.
2a0b
Convert 33102300 (base 4) to base 6.
1202000
What is 122111 (base 4) in base 13?
9c8
1105 (base 7) to base 11
331
301220 (base 4) to base 11
2428
Convert -2302 (base 8) to base 16.
-4c2
Convert 120110 (base 3) to base 6.
1533
-2322221 (base 4) to base 2
-10111010101001
Convert 82544 (base 10) to base 5.
10120134
-606 (base 7) to base 4
-10230
What is -106 (base 10) in base 15?
-71
-826a (base 11) to base 5
-322331
Convert -1a51 (base 15) to base 16.
-1645
Convert 13046 (base 7) to base 5.
102324
1023242 (base 5) to base 13
7b66
-108 (base 14) to base 4
-3030
Convert -34033 (base 8) to base 15.
-43c8
-454403 (base 6) to base 3
-1221221110
What is -10912 (base 10) in base 5?
-322122
What is -2421 (base 6) in base 5?
-4324
What is -17156 (base 10) in base 5?
-1022111
What is 10142 (base 6) in base 3?
1212022
-52416 (base 7) to base 13
-5b44
What is 1520 (base 7) in base 8?
1132
Convert -15404 (base 9) to base 7.
-42466
Convert 3112323 (base 4) to base 16.
35bb
1012112111 (base 3) to base 5
1224334
366 (base 10) to base 2
101101110
-340 (base 8) to base 5
-1344
Convert -31001 (base 5) to base 15.
-8d6
What is 13334 (base 5) in base 2?
10001000110
Convert -20222102 (base 3) to base 11.
-3905
-1101 (base 11) to base 4
-112231
-154564 (base 7) to base 14
-b16b
Convert -110121 (base 3) to base 13.
-202
1b5 (base 16) to base 6
2005
Convert -542 (base 13) to base 4.
-32003
Convert -21163 (base 8) to base 14.
-32dd
What is -22622 (base 9) in base 12?
-8892
-125366 (base 7) to base 9
-35232
What is -7ef (base 16) in base 9?
-2706
-758 (base 9) to base 8
-1154
What is 20070 (base 9) in base 2?
11001110000001
Convert -1002111110 (base 3) to base 8.
-52000
30 (base 15) to base 12
39
422 (base 10) to base 7
1142
What is -1406 (base 16) in base 11?
-3940
Convert 3911 (base 11) to base 9.
6880
1110121 (base 3) to base 15
4b4
What is 12b4 (base 12) in base 10?
2152
What is 1051 (base 9) in base 6?
3331
16917 (base 12) to base 9
48421
862 (base 15) to base 14
992
What is -212233 (base 4) in base 12?
-1527
Convert 15 (base 14) to base 3.
201
2004 (base 10) to base 11
1562
1011121000 (base 3) to base 12
113b3
What is -cd1 (base 14) in base 15?
-b40
Convert 284 (base 13) to base 3.
121112
What is -1818 (base 14) in base 15?
-143e
What is -3444 (base 7) in base 14?
-65b
101100110 (base 2) to base 6
1354
Convert -4327 (base 13) to base 15.
-2b6d
220544 (base 6) to base 4
10132300
What is -7124 (base 14) in base 4?
-10233230
Convert 448 (base 10) to base 11.
378
Convert -c5f0 (base 16) to base 11.
-35086
Convert -114320 (base 5) to base 3.
-12221120
Convert 1317 (base 12) to base 14.
b19
3424334 (base 5) to base 3
10002222101
Convert 201121121 (base 3) to base 8.
33733
-111322 (base 5) to base 11
-2a82
Convert -520 (base 16) to base 6.
-10024
-4071 (base 9) to base 15
-d3a
7a7 (base 15) to base 11
1335
What is 313131 (base 4) in base 7?
13230
181dd (base 14) to base 6
1145143
Convert -48d (base 15) to base 16.
-409
-202001200 (base 3) to base 7
-60432
-2212111 (base 3) to base 8
-4054
Convert 2c3 (base 16) to base 6.
3135
What is -33235 (base 9) in base 15?
-680e
Convert -5233 (base 7) to base 9.
-2461
-22223 (base 6) to base 3
-11021020
What is -11142 (base 5) in base 15?
-382
What is 244011 (base 5) in base 16?
2428
505 (base 8) to base 6
1301
-11411 (base 6) to base 16
-67f
-11917 (base 13) to base 9
-48267
46654 (base 9) to base 11
21451
What is 542a (base 11) in base 2?
1110000000011
144202 (base 5) to base 2
1100000100001
Convert bca7 (base 16) to base 8.
136247
What is -1111011011101010 (base 2) in base 12?
-306b6
73011 (base 8) to base 2
111011000001001
What is 2553 (base 11) in base 8?
6375
14316 (base 7) to base 6
30113
-9ab (base 16) to base 5
-34400
What is -2bf3 (base 16) in base 8?
-25763
Convert 3019 (base 10) to base 15.
d64
Convert -715 (base 8) to base 16.
-1cd
-21010 (base 4) to base 9
-714
Convert 4578 (base 10) to base 14.
1950
Convert 5774 (base 9) to base 2.
1000010110111
What is -20040 (base 8) in base 13?
-3988
1a263 (base 11) to base 7
145253
-21224 (base 5) to base 2
-10110011111
1044 (base 5) to base 6
405
Convert -2144 (base 7) to base 9.
-1042
What is 2d1a (base 16) in base 6?
125242
Convert -212421 (base 5) to base 14.
-28cc
31528 (base 9) to base 13
9644
What is 7a14 (base 14) in base 10?
21186
1380 (base 9) to base 5
13134
Convert 65 (base 9) to base 7.
113
278 (base 15) to base 4
20303
a0 (base 12) to base 10
120
Convert d6 (base 15) to base 6.
533
3325 (base 6) to base 11
643
Convert 111101000010 (base 2) to base 16.
f42
9aa (base 14) to base 7
5403
Convert -2236 (base 7) to base 16.
-32b
1b2b (base 14) to base 6
34511
Convert -132332 (base 4) to base 3.
-2201102
-1149 (base 10) to base 13
-6a5
What is -4105 (base 10) in base 9?
-5561
Convert -1001221 (base 3) to base 7.
-2164
What is 5983 (base 14) in base 12?
903b
Convert 111101110 (base 2) to base 12.
352
Convert -1120001 (base 3) to base 11.
-942
Convert -9ae (base 16) to base 11.
-1953
-27ed (base 16) to base 6
-115153
What is 4607 (base 8) in base 14?
c63
Convert -314403 (base 6) to base 9.
-38143
What is 10101101 (base 2) in base 16?
ad
224212 (base 6) to base 16
4a90
7101 (base 8) to base 4
321001
a793 (base 11) to base 16
37b3
75bc (base 16) to base 12
15538
Convert -2255 (base 6) to base 14.
-2a7
-100111010 (base 2) to base 12
-222
4c7a (base 15) to base 4
3332323
What is -1011111000 (base 2) in base 3?
-1001011
Convert 906a (base 11) to base 4.
2330113
Convert 953 (base 14) to base 15.
827
Convert 26350 (base 7) to base 6.
52334
-1001222200 (base 3) to base 6
-241500
Convert 2a6 (base 14) to base 4.
20122
What is -21002221 (base 3) in base 7?
-21052
-101011100000011 (base 2) to base 15
-6900
Convert -1047 (base 10) to base 2.
-10000010111
-32200 (base 4) to base 2
-1110100000
Convert -80b (base 13) to base 12.
-957
-44566 (base 11) to base 16
-fc35
-1020101 (base 3) to base 5
-12101
Convert 222102 (base 3) to base 11.
599
-412442 (base 6) to base 9
-50238
What is d15 (base 15) in base 2?
101110000001
Convert -6829 (base 10) to base 16.
-1aad
Convert 3861 (base 10) to base 9.
5260
What is 5a3 (base 14) in base 5?
13443
What is 3122 (base 13) in base 8?
15204
-1127 (base 12) to base 14
-99d
What is 21012012 (base 3) in base 9?
7165
100110100 (base 2) to base 14
180
2346 (base 9) to base 8
3317
What is -31a8 (base 11) in base 5?
-113412
-365 (base 7) to base 3
-21012
Convert -85018 (base 9) to base 16.
-db56
What is 702 (base 10) in base 4?
22332
What is 221 (base 4) in base 15?
2b
What is -2220 (base 3) in base 7?
-141
Convert 1125 (base 6) to base 3.
100222
What is -200021122 (base 3) in base 16?
-3410
What is -53605 (base 7) in base 5?
-411313
-11137 (base 13) to base 16
-78fd
Convert aa7 (base 11) to base 2.
10100101111
Convert 11002 (base 6) to base 4.
113222
What is 23130 (base 5) in base 8?
3201
22106 (base 7) to base 5
134133
Convert 1a440 (base 11) to base 3.
1110001210
What is -1721 (base 9) in base 3?
-1210201
What is 16212 (base 8) in base 16?
1c8a
-3166 (base 7) to base 3
-1112201
Convert 9229 (base 11) to base 3.
121210210
What is 3740 (base 13) in base 7?
31550
55 (base 8) to base 6
113
11131 (base 8) to base 2
1001001011001
-1b1b (base 12) to base 14
-1303
Convert 145 (base 7) to base 2.
1010010
What is -13002311 (base 4) in base 8?
-70265
Convert -100011000100100 (base 2) to base 8.
-43044
Convert -37343 (base 11) to base 7.
-312262
What is 604b (base 16) in base 9?
36730
-1711 (base 11) to base 15
-9b0
What is 3225 (base 10) in base 3?
11102110
Convert -1120202 (base 4) to base 6.
-42122
420 (base 7) to base 13
132
What is -21367 (base 9) in base 15?
-42da
1c6d (base 16) to base 14
291b
What is 5aa (base 16) in base 12?
a0a
-33002 (base 5) to base 2
-100011001100
-70772 (base 8) to base 3
-1111000200
Convert 231405 (base 7) to base 9.
62656
1210 (base 7) to base 4
13000
What is 1bb (base 15) in base 11?
335
Convert 817 (base 10) to base 6.
3441
Convert 10221220 (base 3) to base 16.
b46
-10011